a0?
-690
In base 5, what is -111 + -1224430?
-1230041
In base 11, what is 1566a - -4?
15673
In base 5, what is 410244112 + 4?
410244121
In base 4, what is 10113120 - 120?
10113000
In base 8, what is 77 + -40622?
-40523
In base 11, what is -7394 - 3?
-7397
In base 8, what is -744 - 22?
-766
In base 11, what is -4a5766 - -2?
-4a5764
In base 12, what is 9381 - -108?
9489
In base 11, what is 201a10 - 0?
201a10
In base 9, what is 2 - 37215?
-37213
In base 9, what is -5 - 3630?
-3635
In base 10, what is -67 + -1990?
-2057
In base 14, what is -17c1 - 6?
-17c7
In base 2, what is -10101 - -1110110101110010?
1110110101011101
In base 6, what is 30 - 323125?
-323055
In base 13, what is -19571c - -3?
-195719
In base 9, what is 11168 + 332?
11511
In base 8, what is -3 - -441105?
441102
In base 2, what is 101110110001 + -1010?
101110100111
In base 15, what is 105e0 + -1?
105de
In base 12, what is -a + -ba4?
-bb2
In base 12, what is a - 183b?
-1831
In base 8, what is -22020 + -2?
-22022
In base 14, what is 1a5c4 + 0?
1a5c4
In base 12, what is 3a - -327?
365
In base 15, what is 1945 + 52?
1997
In base 12, what is 612 - 41?
591
In base 5, what is -3044 + 2120?
-424
In base 6, what is -104 + -50153?
-50301
In base 4, what is -10302132 - -13?
-10302113
In base 2, what is -11101000 + -111111111100?
-1000011100100
In base 16, what is 8 - -80b?
813
In base 14, what is b1 + -486a?
-4799
In base 13, what is -6 + 3c17?
3c11
In base 6, what is -4341 - -20?
-4321
In base 3, what is -11 - 20120000021?
-20120000102
In base 5, what is -24330324 + 2?
-24330322
In base 8, what is 27 + 217?
246
In base 14, what is d5 + 1189?
1280
In base 3, what is 11211101212 - 12?
11211101200
In base 7, what is 30661 - -2?
30663
In base 13, what is -3 - -58a9?
58a6
In base 13, what is -3546 + cc?
-3447
In base 7, what is -6 - -2031604?
2031565
In base 8, what is 10333 + -2?
10331
In base 2, what is -10111111001001010 + -11?
-10111111001001101
In base 3, what is -102 - -122210?
122101
In base 3, what is -1 - -212121100?
212121022
In base 6, what is 235 - 20104?
-15425
In base 7, what is 3 - 43264?
-43261
In base 5, what is -103024431 + -3?
-103024434
In base 7, what is -250 + -135233?
-135513
In base 16, what is -1d9 + -a9?
-282
In base 4, what is 1 + -102330001?
-102330000
In base 5, what is 22 - 101303?
-101231
In base 3, what is 1120 - 12121?
-11001
In base 3, what is -221010021 + 121?
-221002200
In base 12, what is 411217 + 2?
411219
In base 10, what is -58373 - 3?
-58376
In base 6, what is -342510 - -12?
-342454
In base 16, what is -4148 - -1?
-4147
In base 9, what is 3635176 + -1?
3635175
In base 14, what is 0 + 2228?
2228
In base 7, what is 2 - 100421?
-100416
In base 12, what is -22811 - 4?
-22815
In base 15, what is 276 + -1b7?
ae
In base 12, what is 3 + -1a049?
-1a046
In base 13, what is 5 - -6957?
695c
In base 7, what is 6236 + 162?
6431
In base 2, what is 11110101111 - 10111000?
11011110111
In base 7, what is -13334 - 1124?
-14461
In base 6, what is -133514 + 10?
-133504
In base 9, what is -5465 + -335?
-5811
In base 6, what is 1 - 35044?
-35043
In base 11, what is 6 + 3019?
3024
In base 8, what is 2 + -24544?
-24542
In base 3, what is -11011 + -2210?
-20221
In base 6, what is -22214 - -1211?
-21003
In base 4, what is 11 - 130012?
-130001
In base 14, what is -63 + -14320?
-14383
In base 12, what is 6 - 6616b?
-66165
In base 4, what is -2213210 + -3?
-2213213
In base 16, what is -2af - -4?
-2ab
In base 11, what is 72779a - 3?
727797
In base 10, what is 10 - -22935?
22945
In base 4, what is -332 + -130203?
-131201
In base 16, what is 26ea - 5?
26e5
In base 14, what is 174 - 84?
d0
In base 2, what is -1111001001111000 - 0?
-1111001001111000
In base 2, what is -100101001010110 - 101?
-100101001011011
In base 9, what is -150565 - 2?
-150567
In base 16, what is 1675cf - 0?
1675cf
In base 15, what is -192 - db1?
-1053
In base 12, what is 28555 - -7?
28560
In base 9, what is -26741 + 5?
-26735
In base 9, what is 64 + 1510?
1574
In base 4, what is 1113310 - 1122?
1112122
In base 15, what is 1975 - -55?
19ca
In base 2, what is 1101 - -10111100101010?
10111100110111
In base 13, what is 4 - -152a?
1531
In base 15, what is 31e1 - 2?
31de
In base 11, what is -81 - -2506?
2435
In base 11, what is -52 + 37a9?
3757
In base 16, what is -330f - 1?
-3310
In base 13, what is -2a183 - 9?
-2a18c
In base 16, what is 7575 - -f?
7584
In base 6, what is -3250 - -324?
-2522
In base 4, what is -2 + 3133100032?
3133100030
In base 10, what is -472458 + 5?
-472453
In base 4, what is -3331 + -132031?
-202022
In base 12, what is 4 + 2381?
2385
In base 4, what is 22011 - -22012?
110023
In base 8, what is -602451 + 37?
-602412
In base 10, what is -9788501 - -5?
-9788496
In base 16, what is 3a2 + 2d6?
678
In base 8, what is 165 - 4307?
-4122
In base 9, what is 2562 - -216?
2778
In base 6, what is 242 - -10011?
10253
In base 7, what is 2613 - 152?
2431
In base 4, what is -20313002 - -2221?
-20310121
In base 10, what is 10 - -1703?
1713
In base 14, what is b11 + 28?
b39
In base 11, what is -60 - 3a?
-9a
In base 2, what is -111110 - 10111001?
-11110111
In base 2, what is -100000011001100 + -11?
-100000011001111
In base 5, what is 3 + -33341?
-33333
In base 10, what is 167 - -90?
257
In base 12, what is a - 1993?
-1985
In base 16, what is -6c15 - 62?
-6c77
In base 3, what is -21 - -212110?
212012
In base 13, what is 2a - -3334?
3361
In base 4, what is -11 + -1311311?
-1311322
In base 8, what is -1 - 342221?
-342222
In base 7, what is 215 - 66?
116
In base 13, what is b157 - 5?
b152
In base 7, what is 33 + 6260?
6323
In base 12, what is -919 + 2?
-917
In base 6, what is -244105 - -10?
-244055
In base 15, what is 32c - 33?
2e9
In base 14, what is -2 - -2894ca?
2894c8
In base 14, what is 1 + 173a?
173b
In base 2, what is 1101011 - -1011000111010100?
1011001000111111
In base 4, what is 23030 + -112201?
-23111
In base 2, what is -1111 - 1101010111?
-1101100110
In base 7, what is 33 + 40535?
40601
In base 7, what is 261 + -26015?
-25424
In base 16, what is -296e + 5?
-2969
In base 8, what is -3 - 111775?
-112000
In base 14, what is 10 + -30b?
-2db
In base 4, what is -3 - -202200211?
202200202
In base 15, what is 248b + -6?
2485
In base 12, what is -5 - 238184?
-238189
In base 14, what is -1 + -8023b?
-8023c
In base 3, what is -12221 - 111002011?
-111022002
In base 8, what is -304 + -25666?
-26172
In base 2, what is 10010110 - -100001101010?
100100000000
In base 16, what is 19d23 - -5?
19d28
In base 12, what is 4967 + 43?
49aa
In base 5, what is -31221 + -10223?
-41444
In base 10, what is 110475 + 3?
110478
In base 11, what is 3a - -27514?
27553
In base 5, what is -412420401 - 4?
-412420410
In base 8, what is 2 - -75504?
75506
In base 14, what is 2 + -8753d?
-8753b
In base 3, what is 100221011120 + -2?
100221011111
In base 5, what is 1234 - 2434?
-1200
In base 5, what is -123410434 + -14?
-123411003
In base 13, what is -20306 - -4?
-20302
In base 14, what is -4 - -1cc8a?
1cc86
In base 11, what is 7 - 20997?
-20990
In base 6, what is -30503 + -21?
-30524
In base 8, what is -433715 - -5?
-433710
In base 7, what is -1140 - 20?
-1160
In base 16, what is -af + -890?
-93f
In base 10, what is -130064 - 0?
-130064
In base 10, what is -5 + 811076?
811071
In base 6, what is -25 + 2304?
2235
In base 16, what is -140d - 0?
-140d
In base 13, what is -c - 2367?
-2376
In base 2, what is 101011 - -111001110?
111111001
In base 6, what is -20534033 + 3?
-20534030
In base 16, what is 15e1 + -d5?
150c
In base 9, what is -31 - 28600?
-28631
In base 15, what is -5 - 25d56?
-25d5b
In base 2, what is 100 + 1111100001?
1111100101
In base 8, what is 31 + -757?
-726
In base 16, what is -6df - -18?
-6c7
In base 5, what is -241 + -203401?
-204142
In base 8, what is -7 + -1730?
-1737
In base 8, what is 237266 - -1?
237267
In base 14, what is 39c5 + 14?
39d9
In base 2, what is -111101111111111 + -1?
-111110000000000
In base 15, what is -3a - -409?
3be
In base 8, what is 3177 - 112?
3065
In base 4, what is 13 + 321021201?
321021220
In base 14, what is -246d + 1?
-246c
In base 4, what is 13030102 - -22?
13030130
In base 4, what is 1031010113 + 10?
1031010123
In base 13, what is 1605 + -25?
15b0
In base 10, what is 4 + 44065?
44069
In base 10, what is -648